{"id":55,"date":"2025-11-05T13:03:40","date_gmt":"2025-11-05T16:03:40","guid":{"rendered":"https:\/\/raizesdagente.com.br\/?page_id=55"},"modified":"2025-11-05T13:04:20","modified_gmt":"2025-11-05T16:04:20","slug":"sobre","status":"publish","type":"page","link":"https:\/\/raizesdagente.com.br\/?page_id=55","title":{"rendered":"sobre"},"content":{"rendered":"\t\t<div data-elementor-type=\"wp-page\" data-elementor-id=\"55\" class=\"elementor elementor-55\" data-elementor-post-type=\"page\">\n\t\t\t\t<div class=\"elementor-element elementor-element-4981691b e-con-full e-flex e-con e-parent\" data-id=\"4981691b\" data-element_type=\"container\">\n\t\t<div class=\"elementor-element elementor-element-53ec92f7 e-grid e-con-full e-con e-child\" data-id=\"53ec92f7\" data-element_type=\"container\" data-settings=\"{&quot;background_background&quot;:&quot;classic&quot;}\">\n\t\t<div class=\"elementor-element elementor-element-7e94d28c e-con-full e-flex e-con e-child\" data-id=\"7e94d28c\" data-element_type=\"container\">\n\t\t\t\t<div class=\"elementor-element elementor-element-223d210b elementor-hidden-mobile elementor-widget elementor-widget-spacer\" data-id=\"223d210b\" data-element_type=\"widget\" data-widget_type=\"spacer.default\">\n\t\t\t\t<div class=\"elementor-widget-container\">\n\t\t\t\t\t\t\t<div class=\"elementor-spacer\">\n\t\t\t<div class=\"elementor-spacer-inner\"><\/div>\n\t\t<\/div>\n\t\t\t\t\t\t<\/div>\n\t\t\t\t<\/div>\n\t\t\t\t<div class=\"elementor-element elementor-element-46e39a96 elementor-widget elementor-widget-heading\" data-id=\"46e39a96\" data-element_type=\"widget\" data-widget_type=\"heading.default\">\n\t\t\t\t<div class=\"elementor-widget-container\">\n\t\t\t\t\t<h2 class=\"elementor-heading-title elementor-size-default\">Sem mem\u00f3ria, n\u00e3o h\u00e1 pertencimento \n e sem pertencimento, n\u00e3o h\u00e1 futuro.<\/h2>\t\t\t\t<\/div>\n\t\t\t\t<\/div>\n\t\t\t\t<div class=\"elementor-element elementor-element-990966b elementor-widget elementor-widget-text-editor\" data-id=\"990966b\" data-element_type=\"widget\" data-widget_type=\"text-editor.default\">\n\t\t\t\t<div class=\"elementor-widget-container\">\n\t\t\t\t\t\t\t\t\t<p style=\"text-align: center;\">A mem\u00f3ria \u00e9 o que nos <strong>ancora<\/strong>.<br data-start=\"186\" data-end=\"189\" \/>\u00c9 atrav\u00e9s dela que reconhecemos nossos caminhos, nossos la\u00e7os e o sentido de <strong>pertencer<\/strong> a um lugar.<br data-start=\"287\" data-end=\"290\" \/>Quando esquecemos o que fomos, perdemos tamb\u00e9m a conex\u00e3o com o que somos.<br data-start=\"441\" data-end=\"444\" \/>Preservar nossas lembran\u00e7as \u00e9 garantir que a <b>hist\u00f3ria continue viva<\/b> em cada rua, rosto e palavra.<\/p>\t\t\t\t\t\t\t\t<\/div>\n\t\t\t\t<\/div>\n\t\t\t\t<div class=\"elementor-element elementor-element-40bb2bad elementor-hidden-mobile elementor-widget elementor-widget-spacer\" data-id=\"40bb2bad\" data-element_type=\"widget\" data-widget_type=\"spacer.default\">\n\t\t\t\t<div class=\"elementor-widget-container\">\n\t\t\t\t\t\t\t<div class=\"elementor-spacer\">\n\t\t\t<div class=\"elementor-spacer-inner\"><\/div>\n\t\t<\/div>\n\t\t\t\t\t\t<\/div>\n\t\t\t\t<\/div>\n\t\t\t\t<div class=\"elementor-element elementor-element-49203217 elementor-widget elementor-widget-text-editor\" data-id=\"49203217\" data-element_type=\"widget\" data-widget_type=\"text-editor.default\">\n\t\t\t\t<div class=\"elementor-widget-container\">\n\t\t\t\t\t\t\t\t\t<p style=\"text-align: center;\">A mem\u00f3ria \u00e9 o que faz a<b> gente se sentir parte<\/b> de um lugar.<br data-start=\"173\" data-end=\"176\" \/>Quando a gente lembra do que viveu, entende melhor quem \u00e9 e de onde veio.<\/p>\t\t\t\t\t\t\t\t<\/div>\n\t\t\t\t<\/div>\n\t\t\t\t<div class=\"elementor-element elementor-element-38a5066d elementor-widget elementor-widget-spacer\" data-id=\"38a5066d\" data-element_type=\"widget\" data-widget_type=\"spacer.default\">\n\t\t\t\t<div class=\"elementor-widget-container\">\n\t\t\t\t\t\t\t<div class=\"elementor-spacer\">\n\t\t\t<div class=\"elementor-spacer-inner\"><\/div>\n\t\t<\/div>\n\t\t\t\t\t\t<\/div>\n\t\t\t\t<\/div>\n\t\t\t\t<\/div>\n\t\t\t\t<\/div>\n\t\t\t\t<\/div>\n\t\t<div class=\"elementor-element elementor-element-5f5d7167 e-flex e-con-boxed e-con e-parent\" data-id=\"5f5d7167\" data-element_type=\"container\" data-settings=\"{&quot;background_background&quot;:&quot;classic&quot;}\">\n\t\t\t\t\t<div class=\"e-con-inner\">\n\t\t<div class=\"elementor-element elementor-element-2403866f e-grid e-con-full e-con e-child\" data-id=\"2403866f\" data-element_type=\"container\">\n\t\t<div class=\"elementor-element elementor-element-5e09c210 e-con-full e-flex e-con e-child\" data-id=\"5e09c210\" data-element_type=\"container\">\n\t\t\t\t<\/div>\n\t\t<div class=\"elementor-element elementor-element-79d62d13 e-con-full e-flex e-con e-child\" data-id=\"79d62d13\" data-element_type=\"container\">\n\t\t\t\t<div class=\"elementor-element elementor-element-1b95de4 elementor-widget elementor-widget-image\" data-id=\"1b95de4\" data-element_type=\"widget\" data-widget_type=\"image.default\">\n\t\t\t\t<div class=\"elementor-widget-container\">\n\t\t\t\t\t\t\t\t\t\t\t\t\t\t\t<img fetchpriority=\"high\" decoding=\"async\" width=\"800\" height=\"641\" src=\"https:\/\/raizesdagente.com.br\/wp-content\/uploads\/2025\/11\/Group-67.png\" class=\"attachment-large size-large wp-image-57\" alt=\"\" srcset=\"https:\/\/raizesdagente.com.br\/wp-content\/uploads\/2025\/11\/Group-67.png 802w, https:\/\/raizesdagente.com.br\/wp-content\/uploads\/2025\/11\/Group-67-300x241.png 300w, https:\/\/raizesdagente.com.br\/wp-content\/uploads\/2025\/11\/Group-67-768x616.png 768w\" sizes=\"(max-width: 800px) 100vw, 800px\" \/>\t\t\t\t\t\t\t\t\t\t\t\t\t\t\t<\/div>\n\t\t\t\t<\/div>\n\t\t\t\t<div class=\"elementor-element elementor-element-5cef506b elementor-widget elementor-widget-spacer\" data-id=\"5cef506b\" data-element_type=\"widget\" data-widget_type=\"spacer.default\">\n\t\t\t\t<div class=\"elementor-widget-container\">\n\t\t\t\t\t\t\t<div class=\"elementor-spacer\">\n\t\t\t<div class=\"elementor-spacer-inner\"><\/div>\n\t\t<\/div>\n\t\t\t\t\t\t<\/div>\n\t\t\t\t<\/div>\n\t\t\t\t<\/div>\n\t\t\t\t<\/div>\n\t\t\t\t\t<\/div>\n\t\t\t\t<\/div>\n\t\t\t\t<\/div>\n\t\t","protected":false},"excerpt":{"rendered":"<p>Sem mem\u00f3ria, n\u00e3o h\u00e1 pertencimento e sem pertencimento, n\u00e3o h\u00e1 futuro. A mem\u00f3ria \u00e9 o que nos ancora.\u00c9 atrav\u00e9s dela que reconhecemos nossos caminhos, nossos la\u00e7os e o sentido de pertencer a um lugar.Quando esquecemos o que fomos, perdemos tamb\u00e9m a conex\u00e3o com o que somos.Preservar nossas lembran\u00e7as \u00e9 garantir que a hist\u00f3ria continue viva [&hellip;]<\/p>\n","protected":false},"author":1,"featured_media":0,"parent":0,"menu_order":0,"comment_status":"closed","ping_status":"closed","template":"","meta":{"footnotes":""},"class_list":["post-55","page","type-page","status-publish","hentry"],"_links":{"self":[{"href":"https:\/\/raizesdagente.com.br\/index.php?rest_route=\/wp\/v2\/pages\/55","targetHints":{"allow":["GET"]}}],"collection":[{"href":"https:\/\/raizesdagente.com.br\/index.php?rest_route=\/wp\/v2\/pages"}],"about":[{"href":"https:\/\/raizesdagente.com.br\/index.php?rest_route=\/wp\/v2\/types\/page"}],"author":[{"embeddable":true,"href":"https:\/\/raizesdagente.com.br\/index.php?rest_route=\/wp\/v2\/users\/1"}],"replies":[{"embeddable":true,"href":"https:\/\/raizesdagente.com.br\/index.php?rest_route=%2Fwp%2Fv2%2Fcomments&post=55"}],"version-history":[{"count":4,"href":"https:\/\/raizesdagente.com.br\/index.php?rest_route=\/wp\/v2\/pages\/55\/revisions"}],"predecessor-version":[{"id":141,"href":"https:\/\/raizesdagente.com.br\/index.php?rest_route=\/wp\/v2\/pages\/55\/revisions\/141"}],"wp:attachment":[{"href":"https:\/\/raizesdagente.com.br\/index.php?rest_route=%2Fwp%2Fv2%2Fmedia&parent=55"}],"curies":[{"name":"wp","href":"https:\/\/api.w.org\/{rel}","templated":true}]}}