{"id":3,"date":"2025-11-05T09:46:26","date_gmt":"2025-11-05T12:46:26","guid":{"rendered":"http:\/\/raizesdagente.com.br\/?page_id=3"},"modified":"2025-11-07T15:18:27","modified_gmt":"2025-11-07T18:18:27","slug":"politica-de-privacidade","status":"publish","type":"page","link":"https:\/\/raizesdagente.com.br\/?page_id=3","title":{"rendered":"Pol\u00edtica de privacidade"},"content":{"rendered":"\n<h2 class=\"wp-block-heading\"><strong>1. Quem Somos<\/strong><\/h2>\n\n\n\n<p>O endere\u00e7o do nosso site \u00e9: <strong><a href=\"https:\/\/raizesdagente.com.br\/\">https:\/\/raizesdagente.com.br\/<\/a><\/strong>.<br>Este projeto tem como objetivo valorizar mem\u00f3rias, hist\u00f3rias, registros culturais e fotografias relacionadas \u00e0s pessoas e comunidades retratadas.<\/p>\n\n\n\n<hr class=\"wp-block-separator has-alpha-channel-opacity\"\/>\n\n\n\n<h3 class=\"wp-block-heading\"><strong>2. Coment\u00e1rios<\/strong><\/h3>\n\n\n\n<p>Quando visitantes deixam coment\u00e1rios no site, coletamos os dados exibidos no formul\u00e1rio, al\u00e9m do <strong>endere\u00e7o de IP<\/strong> e dados do <strong>navegador<\/strong> do visitante para ajudar na detec\u00e7\u00e3o de spam.<\/p>\n\n\n\n<p>Uma sequ\u00eancia anonimizada gerada a partir do seu e-mail (hash) pode ser enviada ao servi\u00e7o <strong>Gravatar<\/strong>, caso utilize esse servi\u00e7o.<br>Pol\u00edtica do Gravatar: <a href=\"https:\/\/automattic.com\/privacy\/\">https:\/\/automattic.com\/privacy\/<\/a><\/p>\n\n\n\n<p>Ap\u00f3s aprova\u00e7\u00e3o do coment\u00e1rio, sua <strong>foto de perfil poder\u00e1 ficar vis\u00edvel<\/strong> ao p\u00fablico junto ao seu coment\u00e1rio.<\/p>\n\n\n\n<hr class=\"wp-block-separator has-alpha-channel-opacity\"\/>\n\n\n\n<h3 class=\"wp-block-heading\"><strong>3. Envio de M\u00eddia (Fotos, V\u00eddeos e Arquivos)<\/strong><\/h3>\n\n\n\n<p>Ao enviar imagens ou qualquer tipo de arquivo ao site, <strong>evite arquivos que contenham dados de localiza\u00e7\u00e3o (EXIF\/GPS)<\/strong>.<br>Visitantes podem baixar as imagens e extrair informa\u00e7\u00f5es contidas nelas.<\/p>\n\n\n\n<p><strong>Ao enviar fotos, v\u00eddeos, nomes, relatos, datas ou qualquer arquivo, o usu\u00e1rio declara estar ciente e concorda que:<\/strong><\/p>\n\n\n\n<ul class=\"wp-block-list\">\n<li>O conte\u00fado ser\u00e1 considerado <strong>p\u00fablico<\/strong>;<\/li>\n\n\n\n<li>O site <strong>Ra\u00edzes da Gente passa a ter direito de publicar, reproduzir, armazenar e exibir<\/strong> o conte\u00fado enviado em seu site, redes sociais e materiais relacionados, <strong>de forma gratuita e sem necessidade de nova autoriza\u00e7\u00e3o<\/strong>;<\/li>\n\n\n\n<li>O usu\u00e1rio declara possuir <strong>autoriza\u00e7\u00e3o e direitos sobre o conte\u00fado enviado<\/strong>, n\u00e3o responsabilizando o site por eventuais reclama\u00e7\u00f5es de terceiros.<\/li>\n<\/ul>\n\n\n\n<hr class=\"wp-block-separator has-alpha-channel-opacity\"\/>\n\n\n\n<h3 class=\"wp-block-heading\"><strong>4. Cookies<\/strong><\/h3>\n\n\n\n<p>Ao deixar um coment\u00e1rio, voc\u00ea poder\u00e1 optar por salvar seu nome, e-mail e site nos <strong>cookies<\/strong> para maior comodidade. Esses cookies duram <strong>um ano<\/strong>.<\/p>\n\n\n\n<p>Se voc\u00ea possuir uma conta e fizer login no site, criamos cookies tempor\u00e1rios para verificar se seu navegador aceita cookies.<br>Outros cookies podem ser criados para lembrar suas prefer\u00eancias de tela, login e edi\u00e7\u00e3o de conte\u00fado.<\/p>\n\n\n\n<hr class=\"wp-block-separator has-alpha-channel-opacity\"\/>\n\n\n\n<h3 class=\"wp-block-heading\"><strong>5. Conte\u00fados Incorporados<\/strong><\/h3>\n\n\n\n<p>Artigos no site podem incluir v\u00eddeos, imagens ou publica\u00e7\u00f5es de outros sites.<br>Esse conte\u00fado se comporta da mesma forma como se voc\u00ea estivesse acessando o site externo diretamente.<\/p>\n\n\n\n<p>Estes sites externos <strong>podem coletar dados<\/strong>, utilizar cookies e monitorar sua intera\u00e7\u00e3o.<br>Recomendamos verificar as pol\u00edticas de privacidade de cada plataforma incorporada.<\/p>\n\n\n\n<hr class=\"wp-block-separator has-alpha-channel-opacity\"\/>\n\n\n\n<h3 class=\"wp-block-heading\"><strong>6. Com Quem Compartilhamos Dados<\/strong><\/h3>\n\n\n\n<p>Caso voc\u00ea solicite redefini\u00e7\u00e3o de senha, seu endere\u00e7o de IP poder\u00e1 constar no e-mail enviado para este fim.<\/p>\n\n\n\n<hr class=\"wp-block-separator has-alpha-channel-opacity\"\/>\n\n\n\n<h3 class=\"wp-block-heading\"><strong>7. Por Quanto Tempo Mantemos os Dados<\/strong><\/h3>\n\n\n\n<ul class=\"wp-block-list\">\n<li>Coment\u00e1rios e metadados s\u00e3o armazenados <strong>indefinidamente<\/strong>, para que coment\u00e1rios futuros possam ser aprovados automaticamente.<\/li>\n\n\n\n<li>Usu\u00e1rios registrados podem ver, editar e excluir seus dados a qualquer momento (exceto o nome de usu\u00e1rio).<\/li>\n\n\n\n<li>Administradores do site tamb\u00e9m podem visualizar e editar essas informa\u00e7\u00f5es.<\/li>\n<\/ul>\n\n\n\n<hr class=\"wp-block-separator has-alpha-channel-opacity\"\/>\n\n\n\n<h3 class=\"wp-block-heading\"><strong>8. Seus Direitos<\/strong><\/h3>\n\n\n\n<p>Voc\u00ea pode solicitar:<\/p>\n\n\n\n<ul class=\"wp-block-list\">\n<li>Um <strong>arquivo exportado<\/strong> com os dados pessoais que mantemos sobre voc\u00ea;<\/li>\n\n\n\n<li>A <strong>remo\u00e7\u00e3o<\/strong> de seus dados pessoais armazenados.<\/li>\n<\/ul>\n\n\n\n<p>Isso n\u00e3o inclui dados que somos obrigados a manter por raz\u00f5es administrativas, legais ou de seguran\u00e7a.<\/p>\n\n\n\n<p>Para solicitar, envie e-mail para:<br><strong>(coloque o e-mail de contato aqui)<\/strong><\/p>\n\n\n\n<hr class=\"wp-block-separator has-alpha-channel-opacity\"\/>\n\n\n\n<h3 class=\"wp-block-heading\"><strong>9. Para Onde os Dados S\u00e3o Enviados<\/strong><\/h3>\n\n\n\n<p>Coment\u00e1rios podem ser verificados automaticamente por um servi\u00e7o externo de detec\u00e7\u00e3o de spam.<\/p>\n\n\n\n<hr class=\"wp-block-separator has-alpha-channel-opacity\"\/>\n\n\n\n<h2 class=\"wp-block-heading\"><strong>Aceita\u00e7\u00e3o<\/strong><\/h2>\n\n\n\n<p>Ao utilizar o site, enviar conte\u00fado ou interagir com as funcionalidades dispon\u00edveis, voc\u00ea declara que <strong>leu e concorda<\/strong> com esta Pol\u00edtica de Privacidade e com os Termos de Uso.<\/p>\n\n\n\n<p><\/p>\n","protected":false},"excerpt":{"rendered":"<p>1. Quem Somos O endere\u00e7o do nosso site \u00e9: https:\/\/raizesdagente.com.br\/.Este projeto tem como objetivo valorizar mem\u00f3rias, hist\u00f3rias, registros culturais e fotografias relacionadas \u00e0s pessoas e comunidades retratadas. 2. Coment\u00e1rios Quando visitantes deixam coment\u00e1rios no site, coletamos os dados exibidos no formul\u00e1rio, al\u00e9m do endere\u00e7o de IP e dados do navegador do visitante para ajudar na [&hellip;]<\/p>\n","protected":false},"author":1,"featured_media":0,"parent":0,"menu_order":0,"comment_status":"closed","ping_status":"open","template":"","meta":{"footnotes":""},"class_list":["post-3","page","type-page","status-publish","hentry"],"_links":{"self":[{"href":"https:\/\/raizesdagente.com.br\/index.php?rest_route=\/wp\/v2\/pages\/3","targetHints":{"allow":["GET"]}}],"collection":[{"href":"https:\/\/raizesdagente.com.br\/index.php?rest_route=\/wp\/v2\/pages"}],"about":[{"href":"https:\/\/raizesdagente.com.br\/index.php?rest_route=\/wp\/v2\/types\/page"}],"author":[{"embeddable":true,"href":"https:\/\/raizesdagente.com.br\/index.php?rest_route=\/wp\/v2\/users\/1"}],"replies":[{"embeddable":true,"href":"https:\/\/raizesdagente.com.br\/index.php?rest_route=%2Fwp%2Fv2%2Fcomments&post=3"}],"version-history":[{"count":1,"href":"https:\/\/raizesdagente.com.br\/index.php?rest_route=\/wp\/v2\/pages\/3\/revisions"}],"predecessor-version":[{"id":588,"href":"https:\/\/raizesdagente.com.br\/index.php?rest_route=\/wp\/v2\/pages\/3\/revisions\/588"}],"wp:attachment":[{"href":"https:\/\/raizesdagente.com.br\/index.php?rest_route=%2Fwp%2Fv2%2Fmedia&parent=3"}],"curies":[{"name":"wp","href":"https:\/\/api.w.org\/{rel}","templated":true}]}}